f - 10*f. Suppose r - 3*z + f = 3*r, r + 2*z - 234 = 0. Let j = r + -69. Is j a composite number?
True
Let c = 42658 - -185696. Suppose 0 = -15*g + 9*g + c. Is g composite?
True
Let g be 10/45 - 102/(-27). Suppose -3*a + 3*q - 6 = 0, a - 3*a + g*q = 6. Is 156 + (0 - (-1 - a) - 1) prime?
False
Let f be -12 + 6 - (-2)/(-2). Suppose -15*i - 73 = 47. Is (-938)/18*f - i/36 prime?
False
Suppose 58*z + 54*z = 120*z - 312152. Is z composite?
False
Let b(t) = -12*t**3 + 3*t**2 + t + 55. Suppose -63 + 231 = -28*f. Is b(f) a prime number?
True
Suppose -5 = l - 29. Let j = l - 21. Suppose -1268 = j*d - 7*d. Is d a composite number?
False
Let o(z) = z**3 + 3*z**2 + 2*z - 6. Let k be o(-3). Let l be k*1/(-2)*14/12. Suppose l*p + 239 = 1702. Is p a prime number?
False
Suppose -4*t = l - 188677, -3*l - 2*t = -407940 - 158091. Is l a prime number?
True
Suppose 7*i = -21 - 21. Let n = i - -9. Suppose 2*q + n*q = 6095. Is q a prime number?
False
Let d(k) = 16*k**3 + 7*k**2 - 15*k - 59. Suppose 0 = 2*m - 8, -b - m + 11 = -0*b. Is d(b) composite?
True
Suppose -145*j = -139*j + 218886. Let k = -18362 - j. Is k a composite number?
False
Let o(l) = 85*l**3 - 9*l**2 - 18*l + 23. Is o(12) a prime number?
True
Let p(b) = 1470*b - 205. Let f(g) = -1469*g + 209. Let x(r) = -6*f(r) - 5*p(r). Is x(17) a composite number?
False
Let r(z) = -4692*z - 1095. Is r(-28) a prime number?
False
Let u = -137 - -137. Suppose 4*r = -3*t + 3241, t + 5*r - 2*r - 1072 = u. Is t composite?
False
Let k = -12171 + 23540. Is k a composite number?
False
Let u be (34/4)/(8/48). Suppose 2 = u*q - 50*q. Is (1474/4)/(1/q) a prime number?
False
Let r(m) = 7347*m - 643. Is r(38) a composite number?
False
Suppose -7422165 = -241*g + 1533154. Is g composite?
False
Let j be 2/7 + (-127107)/(-21). Suppose 3*i - 12*u = -14*u + 10, 0 = 5*i - 5*u - 25. Suppose i*q + 0*q + j = 3*c, 4*c = 5*q + 8071. Is c composite?
True
Is (-24)/22 + (-86983582)/(-1738) prime?
True
Let v be 7 + -5 - (-2)/3*3. Is (3 - (v + -333)) + -1 a composite number?
False
Suppose -845304 = 18*b - 42*b. Is b a composite number?
False
Suppose -21*f + 449761 + 1046 = 0. Is f composite?
False
Let f = 3549 - 662. Suppose 12*l - f = 4901. Is l a prime number?
False
Let r(i) = -2*i**3 - 4*i - 3. Let p be r(-1). Suppose 3587 = m + p*x, 3733 - 156 = m + 5*x. Suppose -57*a + m = -55*a. Is a prime?
True
Is (13335/(-420))/((-1)/3868) a prime number?
False
Let w = -53192 - -87946. Is w prime?
False
Suppose -5681 = 24*b - 11*b. Let w = b + 2718. Is w a composite number?
False
Let p(d) = 18*d**2 + 136*d + 313. Is p(30) composite?
False
Suppose 0 = -s - 5*w + 32, 2*w = 4*s + 11 - 73. Let v = s + -12. Suppose -3423 + 78 = -v*g. Is g composite?
True
Suppose -184*m = -n - 187*m + 63718, 3*m = 5*n - 318608. Is n a composite number?
True
Let n(q) = 761*q**3 + 8*q - 92. Is n(7) a prime number?
True
Suppose 4*d - 13784 = -4*w + 24856, 5*w + 4*d - 48301 = 0. Is w composite?
False
Suppose 5*a - 869451 = 2*p, 832642 = 5*a + 5*p - 36823. Is a prime?
True
Suppose 87534173 - 281294315 = -138*c. Is c prime?
True
Let t be 9/(36/258872) + 2. Suppose 10*z + 6*z - t = 0. Is z composite?
True
Let a(g) be the third derivative of 43*g**5/60 + 3*g**4/4 + 5*g**3/3 - 2*g**2 + 34*g. Is a(-13) a composite number?
False
Suppose 2761*u - 2751*u + 213361 = 1507091. Is u composite?
True
Suppose 99191 = 4*f - 5*r, 50*f - 5*r + 74402 = 53*f. Is f prime?
True
Suppose 5*t - 3*z = 5264 + 7315, -t + 3*z + 2523 = 0. Suppose -s = 3*s + 4*v - 32, 10 = 2*v. Suppose -t = s*b - 9*b. Is b a composite number?
False
Let y(w) = -89*w + 228. Let k = 341 + -358. Is y(k) prime?
True
Let r be (-108496)/(-10) - 8/(-20). Suppose i = 8*i - r. Suppose -2*w + 776 = -i. Is w a composite number?
False
Let b(h) be the first derivative of 7*h**3/3 + 17*h**2/2 - 73*h - 26. Let g be b(11). Suppose 434 = -3*f + 3*q + 3299, -q = f - g. Is f prime?
False
Let x be (-15)/(-12) + 3/4. Suppose -5*v - 4*b + 26 + 19 = 0, -x*b = -2*v. Is (-2086)/(-10)*v/1 a composite number?
True
Let o(a) = -a**2 - 20*a - 103. Let n be o(-11). Let q(r) = 763*r**2 + 4*r + 19. Is q(n) a prime number?
True
Let a = -51923 + 208404. Is a prime?
False
Suppose 5*p - 37 = -27, -5*i - 2*p + 240949 = 0. Is i prime?
False
Suppose -2*h + 3*n + 66982 = 0, -23*h = -28*h - 6*n + 167347. Is h a prime number?
True
Is ((8/(-3))/(-2))/((40/667533)/10) a prime number?
True
Let t = 153037 + 63112. Is t a composite number?
False
Is (29 - (50 - 15)) + 1 + 177506 a prime number?
False
Let k(c) = 5751*c - 77. Let l be k(-3). Let g = l - -37619. Is g a composite number?
True
Suppose -4*o + 13 = 1. Suppose o*s = 12, 5*s = -3*y - 0*s - 76. Let m = 106 + y. Is m a prime number?
False
Let r(b) = -5 + 2*b - 3*b + 0*b. Let p be r(-9). Let u(i) = 318*i - 13. Is u(p) prime?
True
Let p(b) = -5*b**2 - 22*b - 5. Let o be p(-4). Suppose -7 = o*c - 16. Is (c/6*15710)/(2 - 1) a prime number?
False
Is ((-1998064)/28 + -19)/((-3)/21) a prime number?
True
Let f be (70/(-42))/((-5)/(-6)). Is 21904/16*(5 + f) + -1 prime?
False
Let w = -922036 + 1724289. Is w composite?
False
Let y = 2335 + -1141. Suppose 2*x = -5*d + 12953, -4*d + y - 7651 = -x. Is x a prime number?
True
Let g be (-7)/14 - (-2)/8*26. Suppose -k + g*k = 94585. Suppose -3*l = -5*q + k, -7*l = q - 2*l - 3761. Is q prime?
False
Let r(v) = -8066*v - 27. Let m(d) = d**3 + 31*d**2 + 31*d + 28. Let x be m(-30). Is r(x) a composite number?
True
Let k = 6521 + 52192. Is k composite?
True
Let f(a) = 17*a**2 + 12*a + 2. Let k(w) = 34*w**2 + 23*w + 5. Let t(c) = 7*f(c) - 3*k(c). Is t(6) a prime number?
True
Suppose 9*g + 2*a = 8*g + 118, 2*g - 224 = 2*a. Let o = 355 + g. Is o a prime number?
False
Let n(p) = 45170*p - 1079. Is n(12) composite?
False
Suppose 2*h - 13 + 3 = 0. Let i be h/(-25) + 7062/10 + -2. Let v = -163 + i. Is v prime?
True
Let i(r) = -797242*r + 627. Is i(-1) a composite number?
False
Suppose 3*m = 49 - 52. Let s(t) = -1252*t - 3. Is s(m) a composite number?
False
Let v(f) = -7*f**2 - 20*f - 2. Suppose -2*k + 14 = -4*k + 2*l, -30 = 4*k - 3*l. Let n be v(k). Let w = n - -583. Is w composite?
True
Let w = 96 - 90. Is 60/45 - (-23650)/w a prime number?
True
Suppose 0 = -3*g - 3, r - 2*g + 7 = 5. Is ((-151)/4)/((-3)/108) + r composite?
True
Suppose -2*y = 3*g - 3 + 9, -3*y = -4*g + 9. Suppose g = -7*h + 23468 + 22991. Is h a composite number?
False
Suppose c + 45 = 16*c. Suppose -z = 4*o - 2607, -3748 = -z + c*o - 1106. Is z prime?
False
Let d(p) = -232*p**3 + p**2. Let h(c) = 21 + 14 + 7*c + 12 - 6. Let n be h(-6). Is d(n) composite?
False
Let d(i) = 8*i + 26. Let w be d(-2). Suppose -w*t + 176405 = 38115. Is t composite?
False
Let y(n) = 67*n + 16. Let h be y(-26). Let q = -828 - h. Is q a composite number?
True
Let r be -30*(-13)/(390/(-24)). Let h(m) = -m**3 - 17*m**2 - 26*m + 85. Is h(r) a composite number?
True
Let f(a) = -a + 933. Let s be f(-24). Suppose 3*u + 0*u = -1698. Let z = s + u. Is z prime?
False
Let b(c) = 2*c**3 - 3*c + 18269. Is b(0) a prime number?
True
Let r(z) = -1100*z + 3. Let t(y) = y + 3. Let g(p) = -r(p) + 5*t(p). Is g(1) a prime number?
True
Let v be (24/(-10))/(8/(-20)). Suppose -v = -2*y, 4*j - 6*y + 2*y - 7784 = 0. Is j a composite number?
False
Suppose 0 = 5*w - 5*j - 10, -2*w = 6*j - 7*j - 4. Suppose -13324 = -3*n + p, p - 1 = -w. Is n composite?
False
Let n(k) = -8920*k + 1. Let h be n(-6). Suppose -h = 2*o - 25*o. Is o prime?
False
Suppose 315 = 13*r + 2*r. Is (-1263740)/(-70) - 9/r composite?
True
Suppose 2*j - 4*j = -2276. Suppose 5*w - j = 422. Suppose 3*s = 249 + w. Is s prime?
False
Suppose -6 = -2*r + 3*j - 8, 0 = 2*r + j - 14. Is 1*(1672 - (r + -6)) a prime number?
False
Let g = -64038 + 90375. Is g a prime number?
False
Suppose 324 = 5*g + 304. Is g/(-3)*31/(-124)*15501 composite?
False
Let k(l) = 11*l**2 + l - 4. Let a be k(2). Let i = a - 6. Suppose -326 = -38*y + i*y. Is y a prime number?
True
Suppose 24 = 4*k - 0. Let g(y) = 2579*y - 169. Is g(k) composite?
True
Suppose a - 928*d = -926*d + 1113855, -3*a + 2*d + 3341573 = 0. Is a composite?
False
Suppose -r + 2*t + 8725 = 0, 9*r - 6*r - t - 26150 = 0. Is (-2)/(-8) - 0 - r/(-4) composite?
False
Let y be 1 - 5 - (-1446 - 5). Let s = y + -861. Is s composite?
True
Suppose 0 = -2*t + 4*t - 276. Let s(i) = i**2 + 9*i 